he ten millions digit of 734932828?
3
What is the thousands digit of 2813636479?
6
What is the hundred millions digit of 253791212?
2
What is the ten thousands digit of 36114751?
1
What is the hundred thousands digit of 7384656717?
6
What is the billions digit of 4964558862?
4
What is the thousands digit of 132208125?
8
What is the ten thousands digit of 58345775?
4
What is the thousands digit of 1710387008?
7
What is the ten thousands digit of 60588781?
8
What is the ten millions digit of 3418065015?
1
What is the units digit of 1763264754?
4
What is the hundred thousands digit of 58762459?
7
What is the ten millions digit of 160001402?
6
What is the millions digit of 1335546730?
5
What is the tens digit of 576513755?
5
What is the hundreds digit of 412831484?
4
What is the hundreds digit of 42171422?
4
What is the hundreds digit of 9761241?
2
What is the hundred thousands digit of 134095829?
0
What is the units digit of 11587698?
8
What is the ten thousands digit of 38687861?
8
What is the millions digit of 1181138817?
1
What is the ten thousands digit of 586034963?
3
What is the millions digit of 41145079?
1
What is the ten millions digit of 484873825?
8
What is the hundred millions digit of 114820978?
1
What is the ten millions digit of 23713338?
2
What is the thousands digit of 42871395?
1
What is the units digit of 621200560?
0
What is the ten thousands digit of 9211718?
1
What is the hundred millions digit of 966907647?
9
What is the tens digit of 32701600?
0
What is the hundreds digit of 38117556?
5
What is the hundred thousands digit of 30634351?
6
What is the units digit of 27112691?
1
What is the thousands digit of 72911362?
1
What is the hundred millions digit of 198456496?
1
What is the thousands digit of 262351613?
1
What is the ten thousands digit of 51991585?
9
What is the tens digit of 1231439498?
9
What is the tens digit of 1599531919?
1
What is the units digit of 768376907?
7
What is the hundreds digit of 71402717?
7
What is the millions digit of 480740990?
0
What is the hundreds digit of 118983996?
9
What is the millions digit of 30076883?
0
What is the ten millions digit of 751046866?
5
What is the units digit of 874403012?
2
What is the millions digit of 41185407?
1
What is the ten millions digit of 138551247?
3
What is the tens digit of 246145508?
0
What is the hundreds digit of 1174638467?
4
What is the ten thousands digit of 82572492?
7
What is the units digit of 43428172?
2
What is the tens digit of 27875535?
3
What is the hundred thousands digit of 87179619?
1
What is the thousands digit of 11271802?
1
What is the ten thousands digit of 24899223?
9
What is the tens digit of 178781991?
9
What is the hundred millions digit of 107799570?
1
What is the tens digit of 17106898?
9
What is the hundred thousands digit of 263735604?
7
What is the thousands digit of 125077303?
7
What is the ten thousands digit of 145944149?
4
What is the ten millions digit of 1617290325?
1
What is the millions digit of 151338286?
1
What is the units digit of 9150034592?
2
What is the ten millions digit of 522872891?
2
What is the billions digit of 1660273676?
1
What is the hundred millions digit of 3996944978?
9
What is the ten millions digit of 455515493?
5
What is the units digit of 88903956?
6
What is the tens digit of 1368555598?
9
What is the millions digit of 2716492587?
6
What is the hundreds digit of 3819621730?
7
What is the hundred thousands digit of 7450891949?
8
What is the units digit of 12401877?
7
What is the ten millions digit of 654497526?
5
What is the millions digit of 1604455267?
4
What is the units digit of 81009342?
2
What is the tens digit of 88643997?
9
What is the thousands digit of 582791103?
1
What is the ten millions digit of 5634534975?
3
What is the tens digit of 2244708381?
8
What is the units digit of 60531408?
8
What is the hundreds digit of 494553692?
6
What is the ten thousands digit of 497958164?
5
What is the hundred millions digit of 1067774838?
0
What is the thousands digit of 3248397691?
7
What is the thousands digit of 2163381527?
1
What is the hundred millions digit of 1962720600?
9
What is the ten millions digit of 347150931?
4
What is the units digit of 189599767?
7
What is the thousands digit of 183664713?
4
What is the hundreds digit of 54981162?
1
What is the ten millions digit of 81384164?
8
What is the ten thousands digit of 521333045?
3
What is the millions digit of 94665390?
4
What is the thousands digit of 7695547180?
7
What is the millions digit of 2223539049?
3
What is the tens digit of 77817850?
5
What is the ten millions digit of 38640338?
3
What is the hundreds digit of 26460234?
2
What is the billions digit of 5140922364?
5
What is the tens digit of 140297180?
8
What is the hundred millions digit of 266947544?
2
What is the millions digit of 3275526425?
5
What is the thousands digit of 67405248?
5
What is the ten thousands digit of 8254391682?
9
What is the millions digit of 26488704?
6
What is the millions digit of 276596500?
6
What is the hundred thousands digit of 76593118?
5
What is the tens digit of 76271504?
0
What is the hundred thousands digit of 4371919077?
9
What is the thousands digit of 559964448?
4
What is the millions digit of 141300163?
1
What is the ten thousands digit of 1329379457?
7
What is the hundred millions digit of 134768790?
1
What is the units digit of 273811640?
0
What is the thousands digit of 23141884?
1
What is the units digit of 158862977?
7
What is the units digit of 96877369?
9
What is the ten millions digit of 2837455063?
3
What is the tens digit of 109181935?
3
What is the tens digit of 236823017?
1
What is the hundred millions digit of 1838576559?
8
What is the millions digit of 146794442?
6
What is the millions digit of 4849199?
4
What is the units digit of 258078169?
9
What is the millions digit of 269911795?
9
What is the units digit of 3054284673?
3
What is the ten millions digit of 39559428?
3
What is the hundreds digit of 19114558?
5
What is the millions digit of 163834150?
3
What is the ten millions digit of 831459939?
3
What is the ten millions digit of 70916544?
7
What is the hundred millions digit of 359757590?
3
What is the thousands digit of 1894027943?
7
What is the hundreds digit of 44037057?
0
What is the millions digit of 115976621?
5
What is the ten millions digit of 597228798?
9
What is the thousands digit of 8117124?
7
What is the ten millions digit of 1706568944?
0
What is the hundreds digit of 1919977870?
8
What is the billions digit of 1016755071?
1
What is the thousands digit of 229151294?
1
What is the millions digit of 646713081?
6
What is the hundred thousands digit of 427622142?
6
What is the hundred thousands digit of 32929492?
9
What is the hundred millions digit of 180152523?
1
What is the units digit of 61779072?
2
What is the tens digit of 444290367?
6
What is the thousands digit of 156381961?
1
What is the units digit of 64820927?
7
What is the millions digit of 38451593?
8
What is the thousands digit of 67752968?
2
What is the hundred thousands digit of 750864375?
8
What is the hundred millions digit of 206308896?
2
What is the hundred millions digit of 543127832?
5
What is the thousands digit of 57072714?
2
What is the ten millions digit of 7887786718?
8
What is the ten millions digit of 27752184?
2
What is the hundred millions digit of 530049085?
5
What is the units digit of 1471186981?
1
What is the millions digit of 2398031806?
8
What is the hundred millions digit of 172016374?
1
What is the hundreds digit of 213188579?
5
What is the units digit of 93766381?
1
What is the ten thousands digit of 1216536167?
3
What is the hundreds digit of 200485960?
9
What is the millions digit of 3926291543?
6
What is the hundred thousands digit of 41794310?
7
What is the ten millions digit of 13669887?
1
What is the ten thousands digit of 1154819060?
1
What is the units digit of 1448066202?
2
What is the millions digit of 4691723943?
1
What is the ten millions digit of 425694798?
2
What is the ten thousands digit of 252496590?
9
What is the ten millions digit of 114475496?
1
What is the ten thousands digit of 26712256?
1
What is the tens digit of 714297780?
8
What is the tens digit of 36706455?
5
What is the ten millions digi